(p).
-7
Suppose -9*s - 45 = -9. Let d(n) = n**3 + n - 2. Let r(z) = -z**3 + 4*z**2 + 10. Let f(p) = 2*d(p) + r(p). Calculate f(s).
-2
Let v(y) = -13*y**3. Suppose 0 = 2*p + 88 - 208. Suppose 65*w - p*w = -5. Calculate v(w).
13
Let u be (34/(-68))/(2/(-8)). Let n(g) be the first derivative of 1/4*g**4 - 1 - g + 0*g**u + 1/3*g**3. Determine n(1).
1
Suppose 2*d + 78 = 8. Let k be -14*(-8)/28*d/20. Let j(z) = -4*z - 4. Determine j(k).
24
Let y(z) = -z**2 + 6*z - 4. Let p be y(4). Let a(j) = p - 63*j - 61*j + 125*j. Give a(-7).
-3
Let c(j) be the third derivative of -j**4/24 + 5*j**3/2 + j**2. Suppose 13*r = 9*r + 24. Suppose -3*b = -10*k + r*k - 25, -8 = -b + k. Give c(b).
8
Let k(v) = -v**2 - 4*v - 4. Let c = -121 - -117. Give k(c).
-4
Let v(y) = -4 + 5 + 0 + y. Let o = -18 - -20. Suppose -3*r + 19 = -2*h, 2*h + 5 = -o*r + 1. Calculate v(r).
4
Let o(f) be the second derivative of -f**3/2 - 7*f**2/2 - 150*f. Determine o(-2).
-1
Let j(c) = -c. Let x(n) = 7*n + 6. Let a(v) = -6*j(v) - x(v). Determine a(0).
-6
Suppose -5*c + 20 + 10 = -3*k, 0 = k + 5*c + 10. Let o be (-2 - k/4)*2. Let z(m) = 9*m - 10. Let w(d) = -d + 1. Let a(u) = o*z(u) + 6*w(u). Calculate a(5).
11
Suppose -k - 2 = 4*u - 13, 2*u - 10 = 4*k. Let a(l) = -3*l + 4*l + 77 - 76. Calculate a(k).
0
Suppose 5*q - 8 = 2. Let g(r) = -2*r + r + q + r - 2*r. Calculate g(-5).
12
Let v(g) be the third derivative of -g**5/30 - 11*g**4/24 - 3*g**3/2 - 205*g**2. Calculate v(-7).
-30
Let c(r) = 7*r**3 - 3*r**2 - 10*r + 8. Let z(u) = 6*u**3 - 4*u**2 - 10*u + 9. Let w(t) = 5*c(t) - 6*z(t). Give w(10).
-14
Let v(x) be the third derivative of x**6/120 + 7*x**5/60 + 7*x**4/24 - x**3/6 - 4*x**2. Let b be v(-6). Let l(o) = -o - 10. What is l(b)?
-3
Suppose -2 = -3*l + 10. Let j(p) be the second derivative of 5*p + 1/12*p**4 - 2/3*p**3 + 3/2*p**2 + 0. What is j(l)?
3
Let j(f) be the second derivative of 1/12*f**4 + 47*f + 0 - 4/3*f**3 + 9/2*f**2. Give j(7).
2
Let q(a) be the third derivative of 7*a**6/120 + a**5/60 + a**4/12 + a**3/6 + a**2 + 509. What is q(-1)?
-7
Let n(w) = -13 - w + 4 - 3 + 3. Suppose -2*z - 2 - 8 = 0. Determine n(z).
-4
Let t(w) be the third derivative of 1/24*w**4 + 2 - 24*w**2 - 1/3*w**3 + 0*w. Determine t(5).
3
Suppose 5*j + 2*u - 6 = 0, 5*u + 4 = -6. Let o(m) = 0 - 3*m**2 - 1 + m**j. Suppose -3*p - 3*n = -15, 11*p - 15*p - 3*n + 17 = 0. What is o(p)?
-9
Let a(o) = 2*o + 8. Let n be (-48)/18*36/8 - -4. Give a(n).
-8
Let v(y) = 2*y**2 + y - 1. Let a(o) = 8*o**2 + 2*o - 7. Let k(z) = -a(z) + 3*v(z). What is k(-3)?
-17
Let o be 6*(-1)/((-3)/2). Let i(z) = z - 30 - 17 + 67 + z - 26. Give i(o).
2
Let q(o) = o**2 + 4*o - 58. Let r be q(6). Let g(t) be the third derivative of -2*t**3 + 1/24*t**4 - 1/60*t**5 + 0 + 0*t + 2*t**r + 1/120*t**6. Calculate g(0).
-12
Let m(w) be the second derivative of w**5/20 - 3*w**4/4 + w**3/6 - 5*w**2 - 91*w. What is m(9)?
-1
Suppose 6 - 24 = 3*w. Let t(j) = -j + 14. Let i(f) = 3. Let a(z) = -11*i(z) + 2*t(z). What is a(w)?
7
Let c(f) = -f**3 + 3*f + 5. Let u be c(0). Let w(r) = -u + 2*r + 11 - 9 - 3*r. Calculate w(-9).
6
Suppose -z - 4*z = 15, -t + 9 = -z. Suppose -t*u = -10*u + 24. Suppose 8*a + 12 = u*a. Let c(o) = -o**2 - 6*o - 4. Give c(a).
-4
Suppose 5*m = -6*g + 25, 0 = 3*m + 10*g - 6*g - 13. Let y(q) = -q**2 + 10*q - 2. Calculate y(m).
-13
Let a(m) be the third derivative of m**6/40 + m**5/60 - 110*m**2 + 2*m. Determine a(1).
4
Suppose 23 - 22 = v. Let b(s) = -15*s - 25*s - 2 + 41*s. Calculate b(v).
-1
Let c(d) = 2*d + 2. Let x be c(-3). Let u be (0 + -1)*(-7 + 7). Let l(j) = u*j**2 - j**2 + 8 + 4 - 3*j - 14. Calculate l(x).
-6
Let f(l) = -3*l**3 + 2*l + 1. Suppose 3 = 41*n - 44*n. What is f(n)?
2
Let o(d) = -6*d + 26. Let z(s) = 2*s - 9. Let r(c) = 4*o(c) + 11*z(c). Let a(v) = -v**2 + 25*v - 109. Let f be a(6). Give r(f).
-5
Let s(r) = 194 - 5*r + 5*r**2 - 195 + 4*r. Determine s(2).
17
Let n(s) be the third derivative of -5/24*s**4 - 8*s**2 - 1/2*s**3 + 0*s - 1/60*s**5 + 0. What is n(-4)?
1
Let j(i) = i**3 - 5*i**2 - 5*i + 1. Suppose -2*v + 4 = -v. Suppose -v*b - 4*g = -0*b - 36, -3*g + 21 = 2*b. Give j(b).
7
Let i(t) = -t**2 + 8*t - 14. Let x(l) = -l**3 + 65*l**2 - 64*l + 8. Let v be x(64). What is i(v)?
-14
Let f be ((-2)/3)/((-26)/429). Suppose f*d - 17*d = -12. Let o(i) = i**2 + 3*i - 1. Calculate o(d).
9
Let z(p) be the third derivative of -p**5/60 + p**4/12 - p**3/3 + 31*p**2. Let t be 0/(-1 - -2) - 0. Suppose -4*f = -t*f - 12. Calculate z(f).
-5
Let t(p) = 14*p**3 + 26*p**2 + 49*p - 25. Let u(a) = 5*a**3 + 9*a**2 + 17*a - 9. Let k(h) = 6*t(h) - 17*u(h). Calculate k(4).
7
Let i(m) = m - 1. Let a(j) = 5*j - 6. Let w(p) = -a(p) + 4*i(p). Let t = -186 - -154. Let z = -37 - t. What is w(z)?
7
Suppose -78 = -3*v + z - 32, -v = z - 14. Suppose -2*y - v + 3 = 0. Let d(w) = 3*w + 35. Let k(h) = h + 12. Let s(p) = -4*d(p) + 11*k(p). What is s(y)?
-2
Let a(m) = -9 - m**3 + m**2 - 3*m**3 + 5*m**3 + 0*m**3 + m. Let l(t) = t**3 + 11*t**2 + 12*t + 20. Let g be l(-10). Calculate a(g).
-9
Let u = -296 - -298. Let r(m) be the third derivative of -m**7/1260 + m**6/360 - m**4/24 + 2*m**2. Let h(p) be the second derivative of r(p). What is h(u)?
-4
Let j(t) be the first derivative of -t**4/4 + 2*t**3 + 9*t**2 - 12*t + 320. Calculate j(8).
4
Let o(q) = -q + 9. Let s = 22 - 20. Suppose c + 3*c - 5 = 5*i, -s*i + 3*c = 9. Suppose -i*d = -d - 12. Calculate o(d).
3
Suppose 3*k - 2*f = -0*k, 4*f = 4*k. Suppose 4*l - 27 = -5*r, 5*r - 2*r + 4*l - 21 = k. Let h(u) = -u**2 + 3*u**2 - 3*u**2 + 3. Calculate h(r).
-6
Let w(m) = m**3 + 3*m**2 - m - 2. Let o = 536 + -540. Determine w(o).
-14
Let j(g) be the third derivative of g**6/120 - g**5/30 - 5*g**4/24 + g**3/6 + 380*g**2. Determine j(3).
-5
Suppose 16*w = 15*w - 2. Let p = w - -6. Let b(j) = j**2 - 6*j + 4. Determine b(p).
-4
Let h = -1252 - -1250. Let t(b) be the second derivative of b**5/10 + b**4/4 - b**3/6 - b**2 + b. Determine t(h).
-4
Suppose -2*h - 28 = 2*r - 0, -4*h = 2*r + 52. Let b = h + 5. Let q(d) = -d - 3. Determine q(b).
4
Let l be (-70)/21*(-3)/2. Let b(w) = -1 + 5*w + l*w + 0 + 0*w. Let a(y) = y**2 - 7*y - 7. Let s be a(8). Give b(s).
9
Let p(h) be the third derivative of h**5/60 - h**4/8 + h**3/6 + 2*h**2. Let q be 38/9 - 98/441. Determine p(q).
5
Suppose -13*r + 12 = -15*r. Let a(i) = i**2 + 8*i + 3. What is a(r)?
-9
Let g be 7 + -1 + 8/(-2). Let o(h) be the first derivative of -3/2*h**2 - g*h + 4. What is o(-2)?
4
Let c(k) = k**3 - 6*k**2 + 5*k - 7. Let m = -19 - -11. Let u = m + 10. Suppose -2*o = -5*a + 23 - u, -3*a - 4*o = -23. What is c(a)?
-7
Let o = 20 - 14. Let p(q) = q - 11. Let x be p(o). Let i(j) = -j**3 - 4*j**2 + 2*j - 2. Calculate i(x).
13
Let q(b) = -1 - 4 + 9*b + 53*b**2 - 44*b**2 - b**3 + 17. Let d(s) = -s - 1. Let u be d(-11). Give q(u).
2
Suppose 0*c + 4*c - 8 = 0. Suppose 7*t + 2*d = 2*t + 21, 3 = -t + c*d. Let m(i) = -8*i**2 + 10*i + 2*i**2 + 5 - 2*i - i**t. What is m(-7)?
-2
Let z(k) = -10*k + 5 + 7*k**2 + 7*k - 11 - k**3. What is z(6)?
12
Let f(x) = -37*x. Let v be f(-2). Let r = 68 - v. Let a(q) = -2*q + 1. What is a(r)?
13
Let q(f) = -9*f + 9. Let v(a) = -a. Let y(k) = -q(k) + 5*v(k). Determine y(-8).
-41
Let j(b) = -b**3 - 9*b**2 + b + 72. Let q be j(-8). Let z(y) be the first derivative of y - 7/3*y**3 + q*y**2 + 1. Give z(-1).
-6
Let k(h) be the third derivative of h**7/840 + h**6/120 + h**5/120 - h**4/8 - 4*h**3/3 + 35*h**2. Let u(s) be the first derivative of k(s). Give u(-4).
-23
Let f(j) = -5*j + 8. Let c(p) be the first derivative of 7*p**2 - 23*p - 44. Let n(s) = 6*c(s) + 17*f(s). What is n(-6)?
4
Let m(z) = z**3 + 8*z**2 + 13*z + 1. Let h be m(-6). Let b(p) = p**2 + p - 4. Give b(h).
16
Let k(i) = i**3 + 5*i**2 + 5*i + 1. Suppose -5*v = -t + 16, t - 8 = -0*v + 3*v. What is k(v)?
-3
Let m(n) = n**2 + 9*n - 3. Let f be (-6)/4 + ((-58)/4 - -9). Determine m(f).
-17
Let o(m) be the first derivative of -5/2*m**2 - 1/3*m**3 - 12 - 3*m. Give o(-2).
3
Let p(u) be the first derivative of u**6/360 - u**5/30 + u**4/12 + 8*u**3/3 - 12. Let i(z) be the third derivative of p(z). Calculate i(4).
2
Let b(w) = -2*w**3 - 8*w**2 + w + 4. Let g(h) = 5*h**3 + 23*h**2 - 2*h - 12. Let q(m) = 8*b(m) + 3*g(m). What is q(5)?
6
Let j = 1 - -1. Suppose -5*g + 3 = j*x - 7, g - x - 2 = 0. Let v(y) be